<

(Volver)

 

Informe de Abril 2013
 


Informe NOAA

                  MONTHLY CLIMATOLOGICAL SUMMARY FOR 4/2013
                                        HEAT  COOL        
     MEAN                               DEG   DEG       WIND SPEED       DOM MEAN  MEAN
DAY  TEMP  HIGH   TIME     LOW   TIME   DAYS  DAYS RAIN AVG  HI  TIME    DIR BAROM HUM
---------------------------------------------------------------------------------------
1    11.9  18.1    16:31   9.0     0:32    6    0  0.76   5  51    17:33  NE998.54   71
2    12.7  19.5    17:00   8.0     5:39    5    0  0.00   8  32    17:09   O1004.20   53
3    11.0  15.4    12:47   5.7     7:39    7    0  0.00   4  21    13:24  SE1006.72   62
4    12.0  16.3    14:32   9.8     8:07    6    0  0.76   2  20    15:06  SE1000.41   64
5     8.9  10.9     0:00   6.6     8:10    9    0  2.66   6  25    14:13 OSO1004.90   72
6     8.1  12.8    14:15   3.3     8:05   10    0  0.38   5  25    14:40 OSO1010.18   56
7    10.7  17.7    14:55   5.7     4:45    7    0  0.00   9  34     7:59   O1013.60   43
8    13.0  18.6    17:11   8.5     4:00    5    0  0.00   9  40    18:09   O1009.34   42
9    14.5  21.2    15:58   8.3     2:12    4    0  0.00  10  44    16:18   O1009.97   41
10   15.3  21.5    17:45  10.6     7:40    3    0  0.00   7  36    16:08   O1015.03   45
11   18.9  24.6    15:27  14.2     2:59    1    0  0.00  12  35    15:06 OSO1010.79   37
12   17.1  22.2    15:28  10.8     7:09    2    0  0.00  11  39    18:45 OSO1014.09   34
13   15.8  22.1    16:40  10.3     7:39    3    0  0.00   3  20    15:59   S1021.44   42
14   16.1  22.6    15:14  10.2     6:01    3    0  0.00   3  20    15:51  SE1024.29   43
15   17.1  23.0    17:37  10.7     7:32    2    0  0.00   3  17    14:10  SE1022.52   36
16   18.4  24.5    13:57  12.5     7:04    1    0  0.00   2  17    13:06   E1021.51   32
17   19.4  25.4    15:46  13.5     7:17    1    0  0.00   3  17    16:00 SSE1021.91   33
18   16.4  20.2    12:10  11.9     7:00    2    0  0.00   4  18    14:47  SE1021.22   39
19   14.5  20.7    13:25  10.1    23:31    4    0  0.00   4  27    15:13 ONO1020.32   53
20   13.6  20.5    16:56   7.9     5:10    5    0  0.00   9  35    18:54   O1020.13   44
21   12.7  17.4    13:43   8.8     7:43    5    0  0.00   3  21    14:14  SE1018.50   50
22   13.7  19.5    13:54   9.1     5:58    4    0  0.00   4  24    15:07  SE1016.95   53
23   14.0  19.5    13:09   9.3     7:02    4    0  0.00   4  21    13:53  SE1021.48   42
24   14.9  20.0    15:16   8.9     5:46    3    0  0.00   7  27    11:01  NE1024.11   38
25   15.3  18.6    12:25  13.3     6:41    3    0 14.44   9  35    12:39  NE1020.47   55
26   15.7  19.2    15:41  13.3    23:21    2    0  7.22   6  23    11:51  NE1014.00   59
27   11.0  13.3     0:00   8.9    20:51    7    0 23.56   6  26    10:09   O1007.28   90
28    8.3   9.8    19:36   6.7     8:31   10    0 13.30   3  18    19:33   N1008.90   77
29   11.5  14.7    18:02   8.7     0:00    6    0 23.94   5  27    15:03  NE1009.42   85
30   14.1  19.4    16:08  11.0     8:11    4    0  7.22   7  30    18:19 OSO1012.15   73
---------------------------------------------------------------------------------------
TOT  13.9  25.4  17/4/13   3.3   6/4/13  137    0 94.24   6  51   1/4/13   O1014.10   52

HEAT BASE: 18.0
COOL BASE: 25.0


Resumen mensual

Parameter                   Max   Max Time   Max Date        Min   Min Time   Min Date    Average
Wind Direction              357       2:35     1/4/13          0      10:04     1/4/13        270
Wind Speed                   51      17:33     1/4/13          0       0:00     1/4/13          6
Wind Gust                    51      17:33     1/4/13          0       0:00     1/4/13         10
In Humidity                  42      12:04     1/4/13         23      13:31    20/4/13         34
Humidity                    100      12:00     1/4/13         20      17:12    17/4/13         52
In Temp                    23.9      10:41    18/4/13       19.4      10:39    29/4/13       21.3
Out Temp                   25.4      15:46    17/4/13        3.3       8:05     6/4/13       13.9
Raw Barometer            995.04      10:06    14/4/13     966.04       7:46     1/4/13     984.10
Total Rain               239.02       7:26    30/4/13     144.78       0:00     1/4/13     157.68


Actualizado automáticamente por Ambient Weather's Virtual Weather Station  V14.01
©Derechos reservados. Prohibida la copia o distribución no autorizada
Nunca tomes decisiones importantes basadas en esta información o informaciones obtenidas en Internet