<

(Volver)

 

Informe de Agosto 2011
 


Informe NOAA

                  MONTHLY CLIMATOLOGICAL SUMMARY FOR 8/2011
HEAT COOL
MEAN DEG DEG WIND SPEED DOM MEAN MEAN
DAY TEMP HIGH TIME LOW TIME DAYS DAYS RAIN AVG HI TIME DIR BAROM HUM
---------------------------------------------------------------------------------------
1 24.7 29.3 11:24 21.7 1:37 0 1 0.00 3 18 14:03 S1013.68 63
2 24.5 28.6 16:16 21.5 4:47 0 1 0.00 5 18 13:33 SE1015.08 58
3 24.2 29.8 13:50 20.3 7:06 0 1 0.00 4 20 15:08 SE1018.04 55
4 25.6 32.0 13:18 20.6 4:37 0 2 0.00 5 24 15:21 S1017.98 50
5 26.3 32.2 13:00 22.8 1:53 0 2 0.00 4 21 14:17 SSE1015.23 62
6 27.1 32.1 12:43 23.5 0:49 0 2 0.00 5 23 14:32 OSO1010.63 72
7 24.9 27.6 15:00 20.6 23:03 0 1 0.00 4 17 14:58 SE1010.93 61
8 22.7 27.4 12:21 19.5 2:18 0 0 0.00 4 30 15:57 SSE1015.91 47
9 21.5 26.5 12:51 17.0 7:04 0 0 0.00 6 21 14:38 O1021.87 31
10 21.8 27.9 14:41 16.8 7:08 0 0 0.00 3 24 16:05 S1022.45 55
11 23.7 28.9 12:09 19.7 7:02 0 1 0.00 5 24 18:14 SSE1019.15 59
12 24.8 30.4 13:30 20.2 5:55 0 1 0.00 5 22 14:48 OSO1016.09 51
13 24.8 30.4 15:37 19.6 6:50 0 2 0.00 3 21 4:14 SE1012.44 51
14 25.2 30.3 15:40 21.3 5:32 0 1 0.00 4 18 15:50 SE1011.55 58
15 25.2 29.1 17:10 21.3 6:38 0 1 0.00 4 18 16:46 SE1015.11 37
16 25.6 31.4 14:42 21.1 5:00 0 2 0.00 3 21 13:30 S1017.21 29
17 26.2 32.5 14:44 20.4 6:11 0 2 0.00 5 21 16:54 S1014.62 50
18 25.0 30.5 13:14 20.5 6:14 0 1 0.00 3 18 14:42 SE1014.99 57
19 26.5 32.7 12:57 21.0 6:48 0 3 0.00 3 16 15:46 SE1018.31 55
20 26.9 33.5 17:12 20.8 6:20 0 3 0.00 3 18 15:36 SE1019.39 32
21 28.1 35.3 15:01 21.1 7:23 0 4 0.00 4 18 15:48 SO1018.10 23
22 26.8 33.1 14:42 20.4 6:49 0 3 0.00 3 19 14:24 SE1015.84 16
23 24.9 29.2 14:33 20.1 7:18 0 1 0.00 4 18 14:29 SE1014.64 35
24 26.5 29.5 15:59 24.3 1:28 0 2 0.00 3 18 18:33 SE1014.44 71
25 27.2 31.5 14:55 24.5 3:03 0 2 0.00 3 21 16:28 SE1012.74 68
26 26.8 33.0 13:16 19.7 23:57 0 2 0.00 3 24 18:55 ONO1009.17 57
27 21.9 28.8 14:33 16.9 2:53 0 0 0.00 5 25 16:15 OSO1018.54 43
28 23.0 28.8 17:47 18.5 3:35 0 1 0.00 4 24 16:47 OSO1018.66 57
29 24.4 30.3 15:29 20.6 7:10 0 1 0.00 4 22 17:45 S1015.68 69
30 25.1 29.5 16:57 21.6 7:02 0 1 0.00 4 20 12:38 SSE1013.06 67
31 25.3 29.4 12:33 21.8 4:27 0 1 0.00 3 21 15:15 SSE1011.46 71
---------------------------------------------------------------------------------------
TOT 25.1 35.3 21/8/11 16.8 10/8/11 0 45 0.00 4 30 8/8/11 SSE1015.55 52

HEAT BASE: 18.0
COOL BASE: 25.0


Resumen mensual

Parameter                   Max   Max Time   Max Date        Min   Min Time   Min Date    Average
Wind Direction 357 9:52 1/8/11 0 10:42 2/8/11 158
Wind Speed 30 15:57 8/8/11 0 0:00 1/8/11 4
Wind Gust 30 15:57 8/8/11 0 0:00 1/8/11 8
In Humidity 79 8:57 18/8/11 23 14:31 27/8/11 41
Humidity 96 5:04 1/8/11 1 1:29 20/8/11 52
In Temp 30.6 11:40 21/8/11 10.3 8:57 18/8/11 27.7
Out Temp 35.3 15:01 21/8/11 16.8 7:08 10/8/11 25.1
Raw Barometer 994.04 23:59 9/8/11 977.04 13:35 26/8/11 985.55
Total Rain 470.44 0:00 1/8/11 470.44 0:00 1/8/11 470.47


Actualizado automáticamente por Ambient Weather's Virtual Weather Station  V14.01
©Derechos reservados. Prohibida la copia o distribución no autorizada
Nunca tomes decisiones importantes basadas en esta información o informaciones obtenidas en Internet