<

(Volver)

 

Informe de Febrero 2008
 


Informe NOAA

                  MONTHLY CLIMATOLOGICAL SUMMARY FOR 2/2008
HEAT COOL
MEAN DEG DEG WIND SPEED DOM MEAN MEAN
DAY TEMP HIGH TIME LOW TIME DAYS DAYS RAIN AVG HI TIME DIR BAROM HUM
---------------------------------------------------------------------------------------
1 8.0 13.2 15:09 3.8 1:37 10 0 0.00 6 22 21:23 O1016.91 48
2 8.3 11.5 13:57 5.3 6:44 10 0 0.00 7 24 4:56 O1015.68 58
3 8.7 13.3 11:45 4.6 6:12 9 0 2.28 5 25 15:27 OSO1015.75 76
4 11.0 15.6 14:51 6.3 23:01 7 0 3.04 10 40 14:36 O1013.42 60
5 9.8 17.0 15:51 3.6 5:08 8 0 0.00 8 26 5:58 O1023.43 46
6 12.3 19.2 15:43 6.1 8:05 6 0 0.00 6 22 2:07 OSO1029.17 40
7 12.1 19.7 14:19 6.7 7:41 6 0 0.00 2 13 19:20 O1030.63 48
8 10.4 16.5 15:19 5.6 7:55 14 0 0.00 2 14 13:27 SSE1029.93 53
9 9.0 15.8 14:37 4.0 8:20 9 0 0.00 2 15 16:04 SSE1029.66 64
10 8.1 14.4 14:40 2.8 6:19 10 0 0.00 3 14 15:41 S1028.52 65
11 6.8 12.6 16:21 3.8 4:56 8 0 0.00 2 14 17:24 ENE1027.31 69
12 7.9 12.2 13:09 4.4 5:34 10 0 0.00 3 21 13:05 E1027.64 51
13 7.8 13.3 13:04 2.7 5:47 10 0 0.00 4 23 15:01 ESE1029.33 57
14 8.4 13.1 14:40 5.5 4:17 10 0 0.38 3 17 14:44 NE1028.36 67
15 9.7 14.5 13:38 6.6 7:40 8 0 0.00 3 14 14:21 OSO1025.15 59
16 8.7 14.4 14:00 3.7 7:55 9 0 0.00 2 20 14:27 SSE1029.37 69
17 9.7 14.4 13:19 6.4 23:10 8 0 0.00 3 18 13:40 SE1034.41 61
18 8.5 10.5 13:31 6.1 0:24 9 0 4.56 1 10 1:13 NE1028.91 83
19 9.8 11.1 17:18 8.8 5:20 8 0 3.04 3 14 14:21 NE1022.16 90
20 10.9 12.1 16:28 9.9 0:00 7 0 0.76 5 14 9:50 NE1021.26 90
21 12.5 18.8 14:53 8.5 3:48 6 0 0.00 3 18 15:18 OSO1026.56 75
22 13.1 20.1 14:09 8.6 6:54 5 0 0.00 3 18 15:01 O1028.77 63
23 12.5 19.2 16:05 8.0 7:48 6 0 0.00 2 17 16:08 SE1027.73 67
24 9.8 14.4 13:45 4.1 8:22 8 0 1.90 3 17 16:21 SE1024.96 76
25 12.2 15.4 14:08 10.1 7:03 6 0 2.66 1 10 14:28 SSE1022.58 88
26 13.7 18.7 16:11 9.5 7:40 4 0 0.00 6 21 12:13 O1020.84 76
27 13.4 18.1 11:45 10.4 23:57 5 0 0.00 2 14 1:37 O1020.40 76
28 12.4 16.3 13:38 9.5 5:38 6 0 0.00 2 12 13:52 SSE1021.34 81
29 15.3 21.5 14:52 10.8 6:24 3 0 0.00 5 21 13:45 OSO1023.82 66
---------------------------------------------------------------------------------------
TOT 10.4 21.5 29/2/08 2.7 13/2/08 224 0 18.62 4 40 4/2/08 O1024.91 66

HEAT BASE: 18.0
COOL BASE: 28.0


Resumen mensual

Parameter                   Max   Max Time   Max Date        Min   Min Time   Min Date    Average
Wind Direction 357 1:14 1/2/08 0 10:52 1/2/08 270
Wind Speed 40 14:36 4/2/08 0 0:01 1/2/08 4
Wind Gust 40 14:36 4/2/08 0 0:10 1/2/08 7
In Humidity 48 5:36 27/2/08 33 14:23 1/2/08 39
Humidity 98 20:41 19/2/08 24 13:42 6/2/08 66
In Temp 22.6 19:53 29/2/08 18.9 8:20 3/2/08 20.6
Out Temp 21.5 14:52 29/2/08 2.7 5:47 13/2/08 10.4
Raw Barometer 1008.04 11:51 17/2/08 979.04 4:00 4/2/08 995.91
Total Rain 36.48 6:36 25/2/08 17.86 0:00 1/2/08 26.84


Actualizado automáticamente por Ambient Weather's Virtual Weather Station  V13.01
©Derechos reservados. Prohibida la copia o distribución no autorizada
Nunca tomes decisiones importantes basadas en esta información o informaciones obtenidas en Internet