<

(Volver)

 

Informe de Junio 2008
 


Informe NOAA

                  MONTHLY CLIMATOLOGICAL SUMMARY FOR 6/2008
HEAT COOL
MEAN DEG DEG WIND SPEED DOM MEAN MEAN
DAY TEMP HIGH TIME LOW TIME DAYS DAYS RAIN AVG HI TIME DIR BAROM HUM
---------------------------------------------------------------------------------------
1 16.6 19.1 17:42 14.4 6:56 2 0 6.08 3 16 16:05 SSE1012.60 82
2 16.8 22.0 11:39 13.1 5:31 2 0 6.84 4 19 12:26 SSE1013.98 76
3 16.9 21.3 10:13 14.1 6:29 2 0 25.46 3 21 14:06 SSE1016.39 72
4 18.4 25.5 14:15 11.9 6:46 2 0 0.00 5 26 15:36 S1016.16 59
5 17.8 24.6 12:40 14.4 3:19 1 0 36.10 4 21 13:38 NE1013.57 68
6 18.8 26.8 16:05 13.8 4:56 1 0 3.04 7 26 14:00 O1014.33 63
7 16.8 21.2 15:58 13.2 23:57 2 0 0.76 6 21 15:03 SSE1016.15 53
8 17.2 22.1 18:24 12.3 6:04 2 0 0.38 3 23 11:32 SSE1015.66 57
9 18.6 24.3 18:12 14.0 4:03 1 0 0.00 3 21 13:49 SSE1016.26 53
10 17.4 21.6 15:08 15.3 6:13 1 0 3.42 4 23 13:31 NE1017.83 69
11 18.1 22.9 17:16 14.0 6:11 1 0 0.00 5 27 19:05 SSE1016.61 63
12 21.6 31.6 16:56 14.7 5:40 1 1 0.00 7 26 17:14 O1013.78 49
13 18.8 22.6 13:41 15.5 6:21 1 0 0.00 5 20 13:31 SSE1013.87 61
14 17.6 22.0 17:18 14.7 5:10 1 0 0.00 5 22 16:23 S1016.16 61
15 18.6 22.7 16:21 14.7 5:35 1 0 0.00 3 21 17:00 OSO1012.54 68
16 20.3 25.4 15:22 16.5 7:07 0 0 0.00 5 21 22:44 O1006.33 49
17 19.7 26.4 13:52 16.0 5:38 0 0 0.00 6 28 14:57 OSO1010.68 58
18 21.8 29.4 15:41 15.7 5:40 1 1 0.00 10 28 15:56 O1016.80 50
19 23.6 31.0 13:33 15.7 6:13 0 2 0.00 6 29 0:27 O1017.93 49
20 26.0 33.8 14:47 18.3 6:30 0 3 0.00 5 21 16:48 OSO1018.87 34
21 25.3 34.7 17:00 19.5 5:46 0 2 0.00 4 20 17:05 O1018.44 28
22 26.5 33.7 12:08 19.7 6:19 0 3 0.00 3 20 14:29 SSE1017.92 26
23 25.0 31.8 13:32 18.9 5:07 0 2 0.00 4 18 13:25 SSE1017.14 28
24 23.8 28.4 12:01 20.5 5:09 0 1 0.00 7 25 15:09 SSE1013.69 41
25 25.3 32.7 13:15 19.1 5:39 0 2 0.00 6 28 13:43 O1015.66 47
26 27.1 33.5 13:19 20.9 5:49 0 3 0.00 6 25 16:29 O1017.05 32
27 24.7 30.1 14:04 18.2 7:21 0 1 4.56 8 37 3:54 O1018.45 44
28 25.7 33.3 14:29 20.3 5:55 0 2 0.00 5 21 15:28 O1018.10 44
29 26.3 32.4 16:56 19.4 5:48 0 3 0.00 5 22 21:01 OSO1017.38 43
30 27.0 32.6 13:40 21.0 5:29 0 3 0.00 6 26 16:07 S1017.13 34
---------------------------------------------------------------------------------------
TOT 21.2 34.7 21/6/08 11.9 4/6/08 21 28 86.64 5 37 27/6/08 O1015.53 52

HEAT BASE: 18.0
COOL BASE: 25.0


Resumen mensual

Parameter                   Max   Max Time   Max Date        Min   Min Time   Min Date    Average
Wind Direction 357 12:19 1/6/08 0 14:53 1/6/08 270
Wind Speed 37 3:54 27/6/08 0 0:03 1/6/08 5
Wind Gust 37 3:54 27/6/08 0 0:10 1/6/08 9
In Humidity 60 0:00 1/6/08 33 12:48 24/6/08 49
Humidity 98 23:04 5/6/08 14 16:35 21/6/08 52
In Temp 30.5 10:57 29/6/08 21.9 4:56 2/6/08 25.0
Out Temp 34.7 17:00 21/6/08 11.9 6:46 4/6/08 21.2
Raw Barometer 991.04 9:00 20/6/08 975.04 14:44 16/6/08 986.53
Total Rain 297.92 7:31 27/6/08 211.28 0:00 1/6/08 283.45


Actualizado automáticamente por Ambient Weather's Virtual Weather Station  V13.01
©Derechos reservados. Prohibida la copia o distribución no autorizada
Nunca tomes decisiones importantes basadas en esta información o informaciones obtenidas en Internet